se 16?
f
What is -27 (base 13) in base 5?
-113
Convert -31 (base 15) to base 12.
-3a
8 (base 11) to base 12
8
Convert -5 (base 16) to base 5.
-10
Convert -14 (base 11) to base 15.
-10
What is -b (base 15) in base 2?
-1011
Convert -3 (base 10) to base 7.
-3
What is -82 (base 14) in base 13?
-8a
What is 20 (base 4) in base 8?
10
What is -11 (base 5) in base 15?
-6
Convert 22020 (base 3) to base 6.
1010
-6 (base 11) to base 3
-20
3 (base 4) to base 8
3
What is 1101101 (base 2) in base 15?
74
Convert -10001 (base 2) to base 6.
-25
What is 4 (base 10) in base 11?
4
-1 (base 15) to base 11
-1
Convert -4 (base 7) to base 4.
-10
What is -b8 (base 12) in base 5?
-1030
What is -1 (base 2) in base 14?
-1
What is 4 (base 6) in base 13?
4
Convert 311 (base 6) to base 12.
97
2 (base 6) to base 14
2
What is -4 (base 6) in base 9?
-4
-65 (base 9) to base 8
-73
-1 (base 10) to base 9
-1
Convert -15 (base 14) to base 12.
-17
Convert -3 (base 4) to base 15.
-3
10 (base 3) to base 13
3
Convert 29 (base 11) to base 13.
25
Convert -33 (base 6) to base 9.
-23
7 (base 12) to base 9
7
Convert 1 (base 8) to base 15.
1
-5b (base 13) to base 14
-56
What is -2 (base 5) in base 12?
-2
What is 5 (base 16) in base 11?
5
Convert -3 (base 14) to base 13.
-3
Convert 3 (base 5) to base 9.
3
What is -30 (base 5) in base 9?
-16
What is -11 (base 3) in base 9?
-4
101 (base 2) to base 4
11
Convert 0 (base 14) to base 9.
0
-11 (base 7) to base 10
-8
What is 2 (base 7) in base 2?
10
Convert -202 (base 4) to base 10.
-34
What is 1 (base 11) in base 7?
1
What is 9 (base 12) in base 14?
9
What is -f (base 16) in base 7?
-21
-22002 (base 3) to base 16
-da
What is -7a (base 15) in base 6?
-311
Convert -3 (base 6) to base 5.
-3
What is -6 (base 9) in base 4?
-12
Convert -76 (base 8) to base 11.
-57
Convert -322 (base 4) to base 13.
-46
18 (base 11) to base 4
103
What is 100 (base 3) in base 11?
9
-12 (base 4) to base 16
-6
-201 (base 5) to base 13
-3c
Convert -2 (base 3) to base 12.
-2
a8 (base 11) to base 14
86
2030 (base 4) to base 12
b8
-3 (base 12) to base 8
-3
-13 (base 6) to base 11
-9
What is -2 (base 10) in base 8?
-2
Convert 20 (base 3) to base 11.
6
Convert 21 (base 13) to base 2.
11011
-73 (base 12) to base 10
-87
0 (base 6) to base 15
0
Convert -30 (base 6) to base 5.
-33
-12 (base 8) to base 15
-a
Convert -24 (base 16) to base 6.
-100
Convert 203 (base 4) to base 5.
120
Convert 4 (base 9) to base 3.
11
-101000 (base 2) to base 10
-40
-78 (base 9) to base 11
-65
Convert 1 (base 3) to base 10.
1
-4 (base 9) to base 13
-4
-111 (base 2) to base 4
-13
Convert 2 (base 15) to base 3.
2
3 (base 10) to base 8
3
-10 (base 16) to base 7
-22
What is 3 (base 4) in base 6?
3
What is 0 (base 9) in base 10?
0
What is -81 (base 16) in base 11?
-108
0 (base 7) to base 4
0
What is 101 (base 2) in base 14?
5
Convert 14 (base 9) to base 4.
31
40 (base 13) to base 16
34
47 (base 16) to base 4
1013
1 (base 13) to base 16
1
What is -5 (base 15) in base 3?
-12
Convert -4 (base 7) to base 3.
-11
57 (base 11) to base 6
142
Convert -23 (base 4) to base 15.
-b
Convert -2a (base 14) to base 10.
-38
What is -5 (base 6) in base 14?
-5
Convert -100 (base 2) to base 11.
-4
Convert 2010 (base 3) to base 13.
45
-22 (base 10) to base 2
-10110
2 (base 10) to base 5
2
0 (base 2) to base 13
0
320 (base 4) to base 9
62
Convert 0 (base 8) to base 5.
0
Convert 12221 (base 3) to base 14.
b6
What is -30 (base 12) in base 4?
-210
-110 (base 3) to base 13
-c
Convert -31 (base 11) to base 12.
-2a
19 (base 13) to base 16
16
12 (base 14) to base 13
13
What is 31 (base 5) in base 6?
24
240 (base 5) to base 13
55
What is -240 (base 6) in base 13?
-75
Convert -12 (base 5) to base 12.
-7
What is -e (base 15) in base 6?
-22
Convert -111 (base 2) to base 7.
-10
Convert -11 (base 5) to base 2.
-110
Convert -2 (base 8) to base 16.
-2
What is 0 (base 12) in base 3?
0
What is -277 (base 8) in base 11?
-164
4 (base 12) to base 4
10
201 (base 3) to base 2
10011
1110 (base 2) to base 4
32
What is -102 (base 4) in base 10?
-18
-4 (base 11) to base 13
-4
What is 23 (base 14) in base 12?
27
Convert 57 (base 8) to base 4.
233
What is -57 (base 8) in base 16?
-2f
What is -121 (base 4) in base 13?
-1c
120 (base 13) to base 14
dd
Convert -164 (base 7) to base 3.
-10112
What is a (base 13) in base 3?
101
What is -4 (base 5) in base 6?
-4
-2 (base 13) to base 11
-2
What is 2 (base 4) in base 5?
2
Convert 1 (base 9) to base 15.
1
Convert -14 (base 10) to base 2.
-1110
-1 (base 6) to base 7
-1
Convert -7 (base 15) to base 2.
-111
What is -20 (base 12) in base 14?
-1a
What is -10 (base 3) in base 14?
-3
100 (base 2) to base 6
4
12 (base 10) to base 15
c
Convert 36 (base 13) to base 9.
50
Convert 7 (base 11) to base 12.
7
Convert 0 (base 6) to base 10.
0
What is 0 (base 5) in base 8?
0
Convert 10 (base 10) to base 16.
a
Convert -65 (base 8) to base 16.
-35
What is -1 (base 2) in base 7?
-1
What is 65 (base 9) in base 14?
43
Convert -31 (base 9) to base 8.
-34
What is 1 (base 11) in base 12?
1
What is -3 (base 6) in base 7?
-3
Convert -302 (base 5) to base 11.
-70
Convert 122 (base 4) to base 8.
32
What is 6 (base 12) in base 13?
6
What is a (base 15) in base 16?
a
What is 19 (base 11) in base 8?
24
What is -6 (base 14) in base 2?
-110
Convert -23 (base 16) to base 14.
-27
What is -300 (base 4) in base 15?
-33
Convert -2 (base 4) to base 12.
-2
Convert 321 (base 6) to base 14.
89
What is 1 (base 7) in base 6?
1
What is -251 (base 7) in base 15?
-8e
122 (base 4) to base 6
42
-26 (base 8) to base 12
-1a
Convert 12212 (base 3) to base 14.
b4
What is a (base 16) in base 11?
a
Convert 132 (base 7) to base 11.
66
Convert 23 (base 6) to base 8.
17
3 (base 8) to base 13
3
-1000 (base 4) to base 8
-100
What is 3 (base 5) in base 12?
3
34 (base 7) to base 15
1a
-454 (base 7) to base 13
-151
-b (base 13) to base 16
-b
What is -61 (base 8) in base 7?
-100
Convert 6 (base 12) to base 10.
6
Convert -5b (base 14) to base 4.
-1101
Convert -178 (base 9) to base 13.
-b9
10011011 (base 2) to base 14
b1
Convert 1100011 (base 2) to base 10.
99
1031 (base 6) to base 9
281
13 (base 5) to base 6
12
a (base 12) to base 5
20
What is 1 (base 7) in base 14?
1
What is 2 (base 5) in base 10?
2
-211 (base 12) to base 5
-2201
3 (base 8) to base 15
3
Convert -32 (base 15) to base 6.
-115
What is 111 (base 2) in base 6?
11
What is c (base 16) in base 12?
10
-13 (base 14) to base 7
-23
Convert 21 (base 12) to base 5.
100
2 (base 10) to base 4
2
What is 10110101 (base 2) in base 6?
501
Convert 0 (base 5) to base 16.
0
Convert 129 (base 13) to base 2.
11001100
Convert 11111 (base 2) to base 16.
1f
What is -46 (base 12) in base 10?
-54
1 (base 11) to base 2
1
What is -10 (base 6) in base 11?
-6
-11 (base 5) to base 7
-6
What is 5 (base 12) in base 15?
5
Convert 4 (base 6) to base 14.
4
16 (base 14) to base 12
18
18 (base 12) to base 5
40
Convert 1 (base 11) to base 5.
1
What is 303 (base 4) in base 5?
201
-2 (base 14) to base 7
-2
Convert 651 (base 8) to base 10.
425
Convert 4 (base 11) to base 3.
11
30 (base 9) to base 14
1d
Convert -9 (base 13) to base 8.
-11
30 (base 4) to base 13
c
132 (base 4) to base 15
20
What is -22 (base 13) in base 3?
-1001
Convert 137 (base 11) to base 7.
320
0 (base 9) to base 7
0
Convert -5c (base 14) to base 4.
-1102
What is 5 (base 13) in base 6?
5
Convert -1 (base 8) to base 6.
-1
What is f (base 16) in base 14?
11
-11 (base 2) to base 14
-3
What is -21 (base 7) in base 4?
-33
-2 (base 16) to base 14
-2
What is -16 (base 10) in base 3?
-121
-1001 (base 4) to base 15
-45
What is 48 (base 14) in base 8?
100
Convert 4 (base 14) to base 10.
4
1 (base 10) to base 4
1
What is -1 (base 13) in base 6?
-1
1 (base 12) to base 6
1
-c7 (base 13) to base 5
-1123
What is -404 (base 8) in base 5?
-2020
What is 20 (base 7) in base 13?
11
Convert 7 (base 8) to base 11.
7
Convert 135 (base 6) to base 10.
59
6 (base 10) to base 3
20
What is -2 (base 5) in base 10?
-2
2 (base 5) to base 2
10
What is -2 (base 5) in base 9?
-2
d (base 15) to base 11
12
5d (base 14) to base 9
102
Convert 99 (base 13) to base 16.
7e
Convert -11 (base 2) to base 6.
-3
-2332 (base 4) to base 13
-118
Convert 3 (base 4) to base 9.
3
Convert 522 (base 6) to base 12.
142
Convert 130 (base 12) to bas